{"id":69,"date":"2022-03-30T21:42:18","date_gmt":"2022-03-30T21:42:18","guid":{"rendered":"https:\/\/celestehauser.com\/?page_id=69"},"modified":"2026-03-03T10:46:16","modified_gmt":"2026-03-03T10:46:16","slug":"uhobpiumbjnu","status":"publish","type":"page","link":"https:\/\/luciehauser.com\/?page_id=69","title":{"rendered":"About \/ A propos"},"content":{"rendered":"\r\n\r\n\r\n\r\n\r\n<p data-start=\"133\" data-end=\"458\">Je m\u2019appelle Lucie Hauser, et je fais chanter les images \u00e0 travers la musique et le son. Trompettiste de formation, je compose pour l\u2019image et cr\u00e9e des paysages sonores qui donnent vie aux histoires. Ce qui me passionne, c\u2019est jouer avec les \u00e9motions, tisser des ambiances, et fa\u00e7onner des textures sonores uniques.<\/p>\r\n<p data-start=\"460\" data-end=\"762\">Que ce soit pour un film, un jeu vid\u00e9o ou une cr\u00e9ation artistique, je cherche toujours \u00e0 capter l\u2019essence d\u2019un projet et \u00e0 le sublimer par la musique. Curieuse et avide d\u2019exp\u00e9rimentations, je navigue entre m\u00e9lodies, bruitages et atmosph\u00e8res immersives pour cr\u00e9er des exp\u00e9riences sonores inoubliables.<\/p>\r\n<p>&nbsp;<\/p>\r\n<p><span style=\"text-decoration: underline;\">FORMATION<\/span><\/p>\r\n<p class=\"cvGsUA direction-ltr align-start para-style-body\"><span class=\"OYPEnA font-feature-liga-off font-feature-clig-off font-feature-calt-off text-decoration-none text-strikethrough-none\">Universit\u00e9 C\u00f4te d&rsquo;Azur, Cannes, France | 2025-2027<\/span><\/p>\r\n<p class=\"cvGsUA direction-ltr align-start para-style-body\"><span class=\"OYPEnA font-feature-liga-off font-feature-clig-off font-feature-calt-off text-decoration-none text-strikethrough-none\">Msc Creative music and sound design for visual media\u00a0<\/span><\/p>\r\n<p class=\"cvGsUA direction-ltr align-start para-style-body\"><span class=\"OYPEnA font-feature-liga-off font-feature-clig-off font-feature-calt-off text-decoration-none text-strikethrough-none\">\u2022 Sp\u00e9cialisation : Composition, orchestration, Sound design<\/span><\/p>\r\n<p>&nbsp;<\/p>\r\n<p class=\"cvGsUA direction-ltr align-start para-style-body\"><span class=\"OYPEnA font-feature-liga-off font-feature-clig-off font-feature-calt-off text-decoration-none text-strikethrough-none\">EICAR, Paris, France | 2021-2024<\/span><\/p>\r\n<p class=\"cvGsUA direction-ltr align-start para-style-body\"><span class=\"OYPEnA font-feature-liga-off font-feature-clig-off font-feature-calt-off text-decoration-none text-strikethrough-none\">Bachelor en Son &amp; Musique | RNCP Niveau 6<\/span><\/p>\r\n<p class=\"cvGsUA direction-ltr align-start para-style-body\"><span class=\"OYPEnA font-feature-liga-off font-feature-clig-off font-feature-calt-off text-decoration-none text-strikethrough-none\">\u2022 Sp\u00e9cialisation : Ing\u00e9nierie du son et composition pour les m\u00e9dias visuels<\/span><\/p>\r\n<p class=\"cvGsUA direction-ltr align-start para-style-body\">\u00a0<\/p>\r\n<p class=\"cvGsUA direction-ltr align-start para-style-body\"><span class=\"OYPEnA font-feature-liga-off font-feature-clig-off font-feature-calt-off text-decoration-none text-strikethrough-none\">Conservatoire \u00e0 Rayonnement R\u00e9gional de Paris | 2014-2023<\/span><\/p>\r\n<p class=\"cvGsUA direction-ltr align-start para-style-body\"><span class=\"OYPEnA font-feature-liga-off font-feature-clig-off font-feature-calt-off text-decoration-none text-strikethrough-none\">\u2022 Majeure : Trompette<\/span><\/p>\r\n<p class=\"cvGsUA direction-ltr align-start para-style-body\"><span class=\"OYPEnA font-feature-liga-off font-feature-clig-off font-feature-calt-off text-decoration-none text-strikethrough-none\">\u2022 Mineures : Orchestre, Solf\u00e8ge, Histoire de la musique, Ch\u0153ur<\/span><\/p>\r\n<p class=\"cvGsUA direction-ltr align-start para-style-body\">\u00a0<\/p>\r\n<p class=\"cvGsUA direction-ltr align-start para-style-body\"><span class=\"OYPEnA font-feature-liga-off font-feature-clig-off font-feature-calt-off text-decoration-none text-strikethrough-none\">Conservatoires Municipaux des 8e, 10e et 17e arrondissements de Paris | 2010-2025<\/span><\/p>\r\n<p class=\"cvGsUA direction-ltr align-start para-style-body\"><span class=\"OYPEnA font-feature-liga-off font-feature-clig-off font-feature-calt-off text-decoration-none text-strikethrough-none\">\u2022 Majeures : Trompette, Contrebasse<\/span><\/p>\r\n<p class=\"cvGsUA direction-ltr align-start para-style-body\"><span class=\"OYPEnA font-feature-liga-off font-feature-clig-off font-feature-calt-off text-decoration-none text-strikethrough-none\">\u2022 Mineures : Piano, Orchestre, Solf\u00e8ge, Harmonie, Composition, Histoire de la musique de film,<\/span><span class=\"OYPEnA font-feature-liga-off font-feature-clig-off font-feature-calt-off text-decoration-none text-strikethrough-none white-space-prewrap\">\u00a0<\/span><span class=\"OYPEnA font-feature-liga-off font-feature-clig-off font-feature-calt-off text-decoration-none text-strikethrough-none\">Ch\u0153ur, Improvisation, Histoire de la musique<\/span><\/p>\r\n<p>&nbsp;<\/p>\r\n<p>Fran\u00e7ais : langue maternelle<\/p>\r\n<p>Anglais : avanc\u00e9<\/p>\r\n<p>Espagnol : interm\u00e9diaire<\/p>\r\n<p>Japonais : d\u00e9butant<\/p>\r\n","protected":false},"excerpt":{"rendered":"<p>Je m\u2019appelle Lucie Hauser, et je fais chanter les images \u00e0 travers la musique et le son. Trompettiste de formation, je compose pour l\u2019image et cr\u00e9e des paysages sonores qui donnent vie aux histoires. Ce qui me passionne, c\u2019est jouer avec les \u00e9motions, tisser des ambiances, et fa\u00e7onner des textures sonores uniques. Que ce soit pour un film, un jeu vid\u00e9o ou une cr\u00e9ation artistique, je cherche toujours \u00e0 capter l\u2019essence d\u2019un projet et \u00e0 le sublimer par la musique. Curieuse et avide d\u2019exp\u00e9rimentations, je navigue entre m\u00e9lodies, bruitages et atmosph\u00e8res immersives pour cr\u00e9er des exp\u00e9riences sonores inoubliables. &nbsp; FORMATION &hellip; <\/p>\n","protected":false},"author":1,"featured_media":0,"parent":0,"menu_order":0,"comment_status":"closed","ping_status":"closed","template":"","meta":{"footnotes":""},"class_list":["post-69","page","type-page","status-publish","hentry"],"_links":{"self":[{"href":"https:\/\/luciehauser.com\/index.php?rest_route=\/wp\/v2\/pages\/69","targetHints":{"allow":["GET"]}}],"collection":[{"href":"https:\/\/luciehauser.com\/index.php?rest_route=\/wp\/v2\/pages"}],"about":[{"href":"https:\/\/luciehauser.com\/index.php?rest_route=\/wp\/v2\/types\/page"}],"author":[{"embeddable":true,"href":"https:\/\/luciehauser.com\/index.php?rest_route=\/wp\/v2\/users\/1"}],"replies":[{"embeddable":true,"href":"https:\/\/luciehauser.com\/index.php?rest_route=%2Fwp%2Fv2%2Fcomments&post=69"}],"version-history":[{"count":5,"href":"https:\/\/luciehauser.com\/index.php?rest_route=\/wp\/v2\/pages\/69\/revisions"}],"predecessor-version":[{"id":627,"href":"https:\/\/luciehauser.com\/index.php?rest_route=\/wp\/v2\/pages\/69\/revisions\/627"}],"wp:attachment":[{"href":"https:\/\/luciehauser.com\/index.php?rest_route=%2Fwp%2Fv2%2Fmedia&parent=69"}],"curies":[{"name":"wp","href":"https:\/\/api.w.org\/{rel}","templated":true}]}}